5*d - 80, d - 64 = -5*m. Suppose c = m + 54. List the prime factors of c.
2, 3, 11
Suppose y = 2*m + 69, y + 5*m - 61 = 43. List the prime factors of y.
79
Let j = 595 + 1887. List the prime factors of j.
2, 17, 73
Let l = -4 + 7. Suppose -z - l*z = 0, -5*n = -z - 115. List the prime factors of n.
23
Let k = 5741 - 4045. List the prime factors of k.
2, 53
Let w(p) = p**2 - 5*p + 158. What are the prime factors of w(19)?
2, 53
Suppose 0*g - 5*v = -4*g + 803, -646 = -3*g - 5*v. Suppose 0 = 4*k + 47 - g. Suppose -s + 6*s = 2*n + 17, -5*n = 4*s - k. List the prime factors of n.
2
Let k be (-4)/(-38) - 2256/(-228). Suppose k = 5*y, 2*j - 2*y + 29 = 183. List the prime factors of j.
79
Suppose -74*y = -90*y + 26288. What are the prime factors of y?
31, 53
Suppose -4*y + 7 = -5. Suppose -y*a + 4*j - j = -60, 3*j = -2*a + 60. List the prime factors of a.
2, 3
Let q(f) = -f**3 - 8*f**2 - 8*f + 5. Let d be q(-7). Suppose 4*h - d = -0. Suppose -21 = -l - 4*p, 43 = h*l - 0*p + 2*p. What are the prime factors of l?
13
Let j(f) = f + 27. Let g be j(-20). Suppose 78 = g*r - 202. List the prime factors of r.
2, 5
Suppose -5*t + t = -580. Let n = t + -78. What are the prime factors of n?
67
Suppose 0 = -36*c + 9678 + 38598. List the prime factors of c.
3, 149
Suppose 0 = 4*l - 2*x + 6, -3*l - x + 10 = 2*l. Let h = l + 7. What are the prime factors of h?
2
Let l be -1 - -1 - (3 - 2). Let d be l*(1 + (-32)/(-4)). What are the prime factors of ((-2)/6)/(d/351)?
13
Let u be 2/(-8) + (-148)/(-16). Suppose 0 = 12*o - 6*o - 126. Let c = o - u. What are the prime factors of c?
2, 3
Let k = 18 - 6. Suppose j - k = -j. Suppose -j*a + 140 = -a. What are the prime factors of a?
2, 7
Let y be ((-11)/3)/1*-3. Let z = y - 77. Let w = z - -92. What are the prime factors of w?
2, 13
Let v(f) = 29*f**2 - 10*f + 14. List the prime factors of v(-4).
2, 7, 37
Suppose -5*s = -2*y + 5 + 4, 0 = 4*y + 5*s - 3. List the prime factors of (-111 + 1)*y/(-4).
5, 11
Let p be (1 - 4)/((-18)/(-24)). What are the prime factors of p - -5 - 3 - -5*17?
83
Suppose -4*i = 315 - 1967. What are the prime factors of i?
7, 59
Let p(a) = 6*a - 4*a**2 + 4*a**3 - 5*a**3 + 10*a**2 + 7 - 4*a. List the prime factors of p(4).
47
Suppose 17*m - 44 = 13*m. Suppose m = p + 4. Let x(u) = 5*u + 9. What are the prime factors of x(p)?
2, 11
Suppose -3*l - 5*p = -2860, -2*p - 11 = -3. What are the prime factors of l?
2, 3, 5
Suppose 4*m + m = 1890. Let g = m + -155. What are the prime factors of g?
223
Suppose 61 = 5*v - 69. List the prime factors of v.
2, 13
Let k be 9/((-3)/1) + 3. Suppose 0 = -3*r - 2*p, k = -5*r - p - 5 + 12. Suppose -3*s - 5*y = -51 - 17, -s = -r*y - 30. List the prime factors of s.
2, 13
Let s be (-30)/(-4)*6/(-9). Let c = 1 - s. Suppose -3*d = -2*b - 88, c*d - 3*d = 3*b + 87. What are the prime factors of d?
2, 3, 5
Let y(n) = n**2 - 10*n - 24. Let t(j) = j**2 - 11*j - 25. Let m(u) = 2*t(u) - 3*y(u). What are the prime factors of m(10)?
2
Let y be ((-3)/(-6))/(3/60). Let d(s) = -s**3 - 5*s**2 - 4*s - 5. Let l be d(-4). Let m = y + l. What are the prime factors of m?
5
Let j be (-3 + 4)*(-4 - 5). Let p be j/6 - 11/(-2). Suppose 0 = -4*y - 5*k + 179 + 2, -3*y - p*k = -136. List the prime factors of y.
2, 11
Suppose -9121 - 8914 = -5*x. Suppose -17*s + x = 666. What are the prime factors of s?
173
What are the prime factors of ((-22)/(-4))/(7/266)?
11, 19
Let i = 23 - 23. Let z be 5 + 1 + (i - 4). Suppose -z*o = -5*o + 57. List the prime factors of o.
19
Suppose d - 4*w = 2294, -6151 - 745 = -3*d + 5*w. What are the prime factors of d?
2, 1151
Let h(v) = -v**3 - 7*v**2 + 16*v - 13. Let b be h(-9). Suppose 4*i + b*m - 25 = 0, 7 = -2*m + 1. What are the prime factors of i?
2, 5
Suppose -1112*s + 1278 = -1110*s. List the prime factors of s.
3, 71
Suppose 0 = 2*i + 10, -6*v = -v + 2*i. Let h(z) = 5*z**v + 7 - 5*z**2 - z + 2*z**2. What are the prime factors of h(6)?
73
Let n(h) = -h**3 - 10*h**2 - 8*h + 6. Let f be n(-9). Let d = 28 + f. Suppose -26 - d = -3*t. List the prime factors of t.
17
Let m(h) = h**3 + h**2 - 4*h + 661. List the prime factors of m(0).
661
Suppose 5*l + 5*g - 1173 = 1392, 0 = 2*g + 10. List the prime factors of l.
2, 7, 37
Let j be 108/(-10)*(-30)/12. Suppose p - j = 23. What are the prime factors of p?
2, 5
Let a be (-6)/(-8) - (-587871)/108. Suppose -1258 = 13*y - a. What are the prime factors of y?
2, 7, 23
Suppose -3 = -3*a + 2*a. Let u(m) = 2*m**2 - 3*m - 3. Let l be u(a). Suppose 3*r + 6 = l*r, 0 = -3*n + 5*r + 56. List the prime factors of n.
2, 11
Let v be ((-4)/(-2))/(-3 - -4). Suppose -u - v*u + 579 = 0. What are the prime factors of u?
193
Suppose 494 = -5*v - 136. Let m = v + 217. Suppose -75 = -5*k + 4*n, 3*n = -2*k - 2*k + m. What are the prime factors of k?
19
Let x = -21 - -26. Suppose -c + 6 = -s, 5*s + x*c - 8 - 2 = 0. Let g(w) = 4*w**2 - 1. List the prime factors of g(s).
3, 5
Let f(k) = -k + 1. Let c be f(0). Let t = -1 + c. Suppose -4*v + 3*q + 114 = t, -v + q + 2*q + 33 = 0. What are the prime factors of v?
3
Suppose -80 = -43*l + 41*l. What are the prime factors of (-8)/l + (-648)/(-15)?
43
Let j(d) = -d**2 - 14*d - 24. Let a be j(-12). Suppose 3*s + 3*s - 1320 = a. What are the prime factors of s?
2, 5, 11
Let l be (-6)/5*(-50)/3. Let h = l + -15. List the prime factors of h + -2 - 5 - -6.
2
Let x = -271 + 398. List the prime factors of x.
127
Let m(s) = s**3 + s**2 - 3*s + 3. Let d be m(-3). Let f be 133/(-21) + (-2)/d. Let k(p) = -p**2 - 9*p + 4. List the prime factors of k(f).
2, 11
Suppose 14*o - 2345 = 10*o + j, 2*j = 6. List the prime factors of o.
587
Let h = -545 - -1025. List the prime factors of h.
2, 3, 5
Let h(c) = -c**3 + 3*c**2 - 10. Let g be h(5). Let w = 125 + g. What are the prime factors of w?
5, 13
Suppose 3*r - 5 + 17 = 0. What are the prime factors of 94 - ((6 - 3) + r)?
5, 19
Let m(s) = 17*s**2 + 25*s + 120. List the prime factors of m(-6).
2, 3, 97
Let p = -1143 - -2077. What are the prime factors of p?
2, 467
Let o = 0 + 0. Suppose o = -2*a + 4*a. Suppose -10 = -a*k - 2*k. What are the prime factors of k?
5
Let i(z) be the third derivative of z**5/12 + z**4/6 - z**3/2 - 5*z**2. Suppose 0 = -4*h - l - 7, 0 = h + h + 2*l - 4. List the prime factors of i(h).
2, 3, 5
Suppose -3528 = -20*o + 2532. List the prime factors of o.
3, 101
Let k(m) = 283*m + 114. List the prime factors of k(2).
2, 5, 17
Let j be -99 - (5 + -3) - -1. Let u = j - -144. List the prime factors of u.
2, 11
Suppose -4*t = -3*w - 2*t + 10, -4 = -5*w - 3*t. Suppose o - 141 = -w*o. List the prime factors of o.
47
Suppose -9*t - 6*t = -5*t. Suppose t = -6*f + 677 - 65. What are the prime factors of f?
2, 3, 17
Suppose 3*h + 1 = 5*j - 0, 0 = 4*j - 2*h - 2. Suppose -j = -o + 24. What are the prime factors of o/(-5 + 3 - -3)?
2, 13
Suppose -8 = -2*n - 0*n. Let h(w) = -w**2 - 7*w + 11. Let o be h(-8). Suppose 2*k = n*f + 8, -k + f = -o*k + 3. What are the prime factors of k?
2
Suppose 30 = 5*w - 0*w. Let h(k) = 4*k - 5. Let v be h(w). Let u = -5 + v. What are the prime factors of u?
2, 7
Suppose -4*u - 200 - 2193 = -5*h, 5*h - 2*u - 2389 = 0. What are the prime factors of h?
3, 53
Suppose -986 = -4*j + 2*j - 2*z, 3*z + 2007 = 4*j. What are the prime factors of j?
2, 3, 83
Let p(j) = 4*j**2 - 24*j + 22. List the prime factors of p(12).
2, 5, 31
Let n(c) = c**2 - 2*c - 10. Suppose h = 3*i - 3*h - 3, -22 = -5*i + h. Suppose i*x - x = -32. What are the prime factors of n(x)?
2, 5, 7
Let a(k) = -k**3 - 3*k**2 + k - 2. Let g be a(-2). Suppose 3*z + 96 = 5*y - y, -3*y = z - 85. Let w = g + y. List the prime factors of w.
19
Suppose -46*a - 2315 = -51*a. What are the prime factors of a?
463
Let n(t) = -t**2 + 1. Let w be n(-3). List the prime factors of 552/32 + 2/w.
17
Let s(l) = -l**2 - 20*l + 26. Let k be s(-21). Suppose 3*v - 2*o = 540, 2*v + 2*v - 727 = k*o. List the prime factors of v.
2, 89
Let k be 6/(-3) + 4 + -10. Let l = 18 + k. What are the prime factors of (-4)/l + (-3211)/(-65)?
7
Let f(b) = 2*b - 3. Let o be f(4). Suppose 0 = -o*h - 5*g + 40, 2*h + 3*g = -0 + 15. Let i = 17 - h. What are the prime factors of i?
2
Let g(b) = -2*b + 1. Let c be g(-2). Suppose -2*l + 4*a = 2604, -c*a = -l - 1167 - 123. List the prime factors of (-4)/(-22) - l/55.
2, 3
Let w(k) = -